{"id":140,"date":"2019-11-03T15:29:55","date_gmt":"2019-11-03T14:29:55","guid":{"rendered":"http:\/\/skupinabonus.cz\/?page_id=140"},"modified":"2025-10-17T09:06:16","modified_gmt":"2025-10-17T08:06:16","slug":"melnicanka","status":"publish","type":"page","link":"https:\/\/skupinabonus.cz\/o-nas\/melnicanka\/","title":{"rendered":"M\u011aLNI\u010cANKA"},"content":{"rendered":"\n<h2 class=\"wp-block-heading\"><strong>V roce\u00a02023\u00a0to bylo\u00a0\u00a0JI\u017d\u00a0 85\u00a0 \u00a0LET,\u00a0 \u00a0co byla zalo\u017eena\u00a0DECHOV\u00c1 HUDBA\u00a0\u00a0\u00a0<a href=\"http:\/\/www.skupinabonus.cz\/_files\/10565\/m%C4%9Blni%C4%8Danka.jpg\" target=\"_blank\" rel=\"noreferrer noopener\">M\u011aLNI\u010cANKA<\/a>\u00a0&#8211; K POSLECHU, TANCI I DO PR\u016eVODU.\u00a0<\/strong> <img loading=\"lazy\" decoding=\"async\" width=\"150\" height=\"212\" class=\"wp-image-2242\" style=\"width: 150px;\" src=\"http:\/\/skupinabonus.cz\/wp-content\/uploads\/2025\/10\/stastna-kridlovka-85-let-DH-15.10.23.jpg\" alt=\"\" srcset=\"https:\/\/skupinabonus.cz\/wp-content\/uploads\/2025\/10\/stastna-kridlovka-85-let-DH-15.10.23.jpg 495w, https:\/\/skupinabonus.cz\/wp-content\/uploads\/2025\/10\/stastna-kridlovka-85-let-DH-15.10.23-213x300.jpg 213w\" sizes=\"auto, (max-width: 150px) 100vw, 150px\" \/><img loading=\"lazy\" decoding=\"async\" width=\"150\" height=\"206\" class=\"wp-image-2243\" style=\"width: 150px;\" src=\"http:\/\/skupinabonus.cz\/wp-content\/uploads\/2025\/10\/20231015_141225.jpg\" alt=\"\" srcset=\"https:\/\/skupinabonus.cz\/wp-content\/uploads\/2025\/10\/20231015_141225.jpg 1582w, https:\/\/skupinabonus.cz\/wp-content\/uploads\/2025\/10\/20231015_141225-218x300.jpg 218w, https:\/\/skupinabonus.cz\/wp-content\/uploads\/2025\/10\/20231015_141225-745x1024.jpg 745w, https:\/\/skupinabonus.cz\/wp-content\/uploads\/2025\/10\/20231015_141225-768x1055.jpg 768w, https:\/\/skupinabonus.cz\/wp-content\/uploads\/2025\/10\/20231015_141225-1118x1536.jpg 1118w, https:\/\/skupinabonus.cz\/wp-content\/uploads\/2025\/10\/20231015_141225-1490x2048.jpg 1490w, https:\/\/skupinabonus.cz\/wp-content\/uploads\/2025\/10\/20231015_141225-624x858.jpg 624w\" sizes=\"auto, (max-width: 150px) 100vw, 150px\" \/><img loading=\"lazy\" decoding=\"async\" width=\"150\" height=\"84\" class=\"wp-image-2244\" style=\"width: 150px;\" src=\"http:\/\/skupinabonus.cz\/wp-content\/uploads\/2025\/10\/Jana-a-Ja.jpg\" alt=\"\" srcset=\"https:\/\/skupinabonus.cz\/wp-content\/uploads\/2025\/10\/Jana-a-Ja.jpg 1181w, https:\/\/skupinabonus.cz\/wp-content\/uploads\/2025\/10\/Jana-a-Ja-300x168.jpg 300w, https:\/\/skupinabonus.cz\/wp-content\/uploads\/2025\/10\/Jana-a-Ja-1024x574.jpg 1024w, https:\/\/skupinabonus.cz\/wp-content\/uploads\/2025\/10\/Jana-a-Ja-768x430.jpg 768w, https:\/\/skupinabonus.cz\/wp-content\/uploads\/2025\/10\/Jana-a-Ja-624x350.jpg 624w\" sizes=\"auto, (max-width: 150px) 100vw, 150px\" \/><img loading=\"lazy\" decoding=\"async\" width=\"150\" height=\"137\" class=\"wp-image-2246\" style=\"width: 150px;\" src=\"http:\/\/skupinabonus.cz\/wp-content\/uploads\/2025\/10\/vystrizek-z-FB.jpg\" alt=\"\" srcset=\"https:\/\/skupinabonus.cz\/wp-content\/uploads\/2025\/10\/vystrizek-z-FB.jpg 752w, https:\/\/skupinabonus.cz\/wp-content\/uploads\/2025\/10\/vystrizek-z-FB-300x273.jpg 300w, https:\/\/skupinabonus.cz\/wp-content\/uploads\/2025\/10\/vystrizek-z-FB-624x568.jpg 624w\" sizes=\"auto, (max-width: 150px) 100vw, 150px\" \/><img loading=\"lazy\" decoding=\"async\" width=\"150\" height=\"51\" class=\"wp-image-2247\" style=\"width: 150px;\" src=\"http:\/\/skupinabonus.cz\/wp-content\/uploads\/2025\/10\/3.jpg\" alt=\"\" srcset=\"https:\/\/skupinabonus.cz\/wp-content\/uploads\/2025\/10\/3.jpg 1256w, https:\/\/skupinabonus.cz\/wp-content\/uploads\/2025\/10\/3-300x102.jpg 300w, https:\/\/skupinabonus.cz\/wp-content\/uploads\/2025\/10\/3-1024x347.jpg 1024w, https:\/\/skupinabonus.cz\/wp-content\/uploads\/2025\/10\/3-768x260.jpg 768w, https:\/\/skupinabonus.cz\/wp-content\/uploads\/2025\/10\/3-624x212.jpg 624w\" sizes=\"auto, (max-width: 150px) 100vw, 150px\" \/><\/h2>\n\n\n\n<p><strong>ROK 2018<\/strong> &#8211;  Smutn\u00fd pro M\u011blni\u010danku, proto\u017ee 6.3. 2018 zem\u0159el dlouholet\u00fd kapeln\u00edk, posledn\u00ed z rodu \u0160\u0165astn\u00fdch &#8211; <strong>Franti\u0161ek \u0160\u0164ASTN\u00dd <\/strong><\/p>\n\n\n\n<p>Na jeho po\u010dest jsem vymyslel a uskute\u010dnil akci <strong>\u0160\u0164ASTN\u00c1 K\u0158\u00cdDLOVKA<\/strong><\/p>\n\n\n\n<figure class=\"wp-block-image\"><img loading=\"lazy\" decoding=\"async\" width=\"316\" height=\"448\" src=\"https:\/\/skupinabonus.cz\/wp-content\/uploads\/2019\/11\/80let-DH-web.jpg\" alt=\"\" class=\"wp-image-141\" srcset=\"https:\/\/skupinabonus.cz\/wp-content\/uploads\/2019\/11\/80let-DH-web.jpg 316w, https:\/\/skupinabonus.cz\/wp-content\/uploads\/2019\/11\/80let-DH-web-212x300.jpg 212w\" sizes=\"auto, (max-width: 316px) 100vw, 316px\" \/><\/figure>\n\n\n\n<figure class=\"wp-block-image\"><img loading=\"lazy\" decoding=\"async\" width=\"840\" height=\"495\" src=\"https:\/\/skupinabonus.cz\/wp-content\/uploads\/2019\/11\/placka.jpg\" alt=\"\" class=\"wp-image-142\" srcset=\"https:\/\/skupinabonus.cz\/wp-content\/uploads\/2019\/11\/placka.jpg 840w, https:\/\/skupinabonus.cz\/wp-content\/uploads\/2019\/11\/placka-300x177.jpg 300w, https:\/\/skupinabonus.cz\/wp-content\/uploads\/2019\/11\/placka-768x453.jpg 768w, https:\/\/skupinabonus.cz\/wp-content\/uploads\/2019\/11\/placka-624x368.jpg 624w\" sizes=\"auto, (max-width: 840px) 100vw, 840px\" \/><\/figure>\n\n\n\n<p><strong>V sou\u010dasn\u00e9 dob\u011b jako&nbsp;<\/strong><\/p>\n\n\n\n<p><strong>KLASICK\u00c1 DES\u00cdTKA SE SV\u00ddMI S\u00d3LISTY<\/strong><\/p>\n\n\n\n<figure class=\"wp-block-image\"><img loading=\"lazy\" decoding=\"async\" width=\"1024\" height=\"377\" src=\"https:\/\/skupinabonus.cz\/wp-content\/uploads\/2019\/11\/1-1024x377.jpg\" alt=\"\" class=\"wp-image-143\" srcset=\"https:\/\/skupinabonus.cz\/wp-content\/uploads\/2019\/11\/1-1024x377.jpg 1024w, https:\/\/skupinabonus.cz\/wp-content\/uploads\/2019\/11\/1-300x110.jpg 300w, https:\/\/skupinabonus.cz\/wp-content\/uploads\/2019\/11\/1-768x283.jpg 768w, https:\/\/skupinabonus.cz\/wp-content\/uploads\/2019\/11\/1-624x230.jpg 624w\" sizes=\"auto, (max-width: 1024px) 100vw, 1024px\" \/><\/figure>\n\n\n\n<figure class=\"wp-block-image\"><img decoding=\"async\" src=\"http:\/\/www.skupinabonus.cz\/_files\/10565\/20171203152417(8).jpg\" alt=\"zp\u011bv\u00e1ci\"\/><\/figure>\n\n\n\n<figure class=\"wp-block-image\"><img decoding=\"async\" src=\"http:\/\/www.skupinabonus.cz\/_files\/10565\/20171203155712(14).jpg\" alt=\"s Jirkou\"\/><\/figure>\n\n\n\n<p><strong>Orchestr byl prvotn\u011b zalo\u017een v roce 1938 panem Vladim\u00edrem Adamsk\u00fdm s p\u016fvodn\u00edm n\u00e1zvem Dechov\u00e1 hudba kulturn\u00edho domu M\u011bln\u00edk, 2 roky po zah\u00e1jen\u00ed provozu tohoto kulturn\u00edho domu. V\u00e1le\u010dn\u00e1 l\u00e9ta omezila vystupov\u00e1n\u00ed orchestru na minimum.V\u00e1lka v\u0161ak nezabr\u00e1nila tomu,aby orchestr zkou\u0161el a piloval sv\u016fj reperto\u00e1r . Po v\u00e1lce od roku 1946 orchestr st\u00e1le p\u016fsobil pod taktovkou pana Vladim\u00edra Adamsk\u011bho, kter\u00fd byl hudebn\u00edm skladatelem a hudebn\u00edm redaktorem \u010cesk\u00e9ho rozhlasu. Od vzniku orchestru se vyst\u0159\u00eddalo ve veden\u00ed n\u011bkolik kapeln\u00edk\u016f mezi kter\u00e9 pat\u0159il Jan Bodamsk\u00fd, Franti\u0161ek \u0160\u0165astn\u00fd st., kter\u00fd p\u0159edal taktovku orchestru v&nbsp;roce 2000 sv\u00e9mu synovi Franti\u0161kovi. Bohu\u017eel i on ji\u017e ode\u0161el do muzikantsk\u00e9ho nebe (6.3.2018).&nbsp; 18 let byl v \u010dele souboru, kter\u00fd hr\u00e1l jak p\u0159i vesel\u00fdch, tak&nbsp; i smutn\u00fdch p\u0159\u00edle\u017eitostech v\u0161edn\u00edho \u017eivota. M\u011blni\u010danka v\u0161ak \u00fa\u010dinkovala i&nbsp; na r\u016fzn\u00fdch tuzemsk\u00fdch koncertech, festivalech a tak\u00e9 mimo \u00fazem\u00ed \u010cR, nap\u0159\u00edklad n\u011bkolik hostov\u00e1n\u00ed v N\u011bmecku.<\/strong><\/p>\n\n\n\n<p><strong>Odkaz&nbsp; pana Franti\u0161ka \u0160\u0165astn\u00e9ho<\/strong><strong>, aby M\u011blni\u010danka hr\u00e1la pro v\u0161echny, kte\u0159\u00ed uzn\u00e1vaj\u00ed a maj\u00ed r\u00e1di \u010deskou dechovku,&nbsp; \u0161\u00ed\u0159\u00edme r\u00e1di d\u00e1l.<\/strong><\/p>\n\n\n\n<p><br>Orchestr m\u00e1 v&nbsp;reperto\u00e1ru skladby r\u016fzn\u00fdch hudebn\u00edch skladatel\u016f jako nap\u0159\u00edklad Ladislava Kube\u0161e, Jana Slab\u00e1ka, Anton\u00edna Pechy, Stanislava Tatara a dal\u0161\u00edch zn\u00e1m\u00fdch skladatel\u016f dechov\u00e9 hudby.<\/p>\n\n\n\n<p><strong>Hudebn\u00ed skladatel&nbsp;&nbsp;&nbsp;<\/strong><strong>Ladislav Kube\u0161 senior &nbsp;<\/strong><strong>(1924 \u2013 1998)<\/strong><\/p>\n\n\n\n<p><strong>Pov\u00edm v\u00e1m, pro\u010d m\u00e1m r\u00e1d dechovou hudbu a pro\u010d jsem j\u00ed oddan\u011b slou\u017eil:&nbsp; proto\u017ee jej\u00edm z\u00e1kladem je dech.&nbsp; Bez dechu nen\u00ed \u017eivota , dech je tvo\u0159iv\u00e1 s\u00edla. Na\u0161i otcov\u00e9 i d\u011bdov\u00e9 to v\u011bd\u011bli, a kdo to chce dnes pop\u00edrat, je s\u00e1m proti sob\u011b.<\/strong><\/p>\n\n\n\n<h2 class=\"wp-block-heading\"><strong>\u010cesk\u00e1 dechovka nezahyne, jej\u00ed kr\u00e1sn\u00e1 \u017eiv\u00e1 tradice to nedovol\u00ed.<\/strong><\/h2>\n\n\n\n<p><strong>MY V\u0160ICHNI JSME TOHO D\u016eKAZEM<\/strong><\/p>\n\n\n\n<figure class=\"wp-block-gallery has-nested-images columns-default is-cropped wp-block-gallery-1 is-layout-flex wp-block-gallery-is-layout-flex\">\n<figure class=\"wp-block-image\"><img loading=\"lazy\" decoding=\"async\" width=\"448\" height=\"326\" data-id=\"144\" src=\"https:\/\/skupinabonus.cz\/wp-content\/uploads\/2019\/11\/Lib\u011bchov-web.jpg\" alt=\"\" class=\"wp-image-144\" srcset=\"https:\/\/skupinabonus.cz\/wp-content\/uploads\/2019\/11\/Lib\u011bchov-web.jpg 448w, https:\/\/skupinabonus.cz\/wp-content\/uploads\/2019\/11\/Lib\u011bchov-web-300x218.jpg 300w\" sizes=\"auto, (max-width: 448px) 100vw, 448px\" \/><\/figure>\n\n\n\n<figure class=\"wp-block-image\"><img loading=\"lazy\" decoding=\"async\" width=\"1024\" height=\"682\" data-id=\"145\" src=\"https:\/\/skupinabonus.cz\/wp-content\/uploads\/2019\/11\/21_kapela-1024x682.jpg\" alt=\"\" class=\"wp-image-145\" srcset=\"https:\/\/skupinabonus.cz\/wp-content\/uploads\/2019\/11\/21_kapela-1024x682.jpg 1024w, https:\/\/skupinabonus.cz\/wp-content\/uploads\/2019\/11\/21_kapela-300x200.jpg 300w, https:\/\/skupinabonus.cz\/wp-content\/uploads\/2019\/11\/21_kapela-768x512.jpg 768w, https:\/\/skupinabonus.cz\/wp-content\/uploads\/2019\/11\/21_kapela-624x416.jpg 624w, https:\/\/skupinabonus.cz\/wp-content\/uploads\/2019\/11\/21_kapela.jpg 1600w\" sizes=\"auto, (max-width: 1024px) 100vw, 1024px\" \/><\/figure>\n\n\n\n<figure class=\"wp-block-image\"><img loading=\"lazy\" decoding=\"async\" width=\"1024\" height=\"683\" data-id=\"146\" src=\"https:\/\/skupinabonus.cz\/wp-content\/uploads\/2019\/11\/2019_04_25_Pietni_akt_Zahaji_17-1024x683.jpg\" alt=\"\" class=\"wp-image-146\" srcset=\"https:\/\/skupinabonus.cz\/wp-content\/uploads\/2019\/11\/2019_04_25_Pietni_akt_Zahaji_17-1024x683.jpg 1024w, https:\/\/skupinabonus.cz\/wp-content\/uploads\/2019\/11\/2019_04_25_Pietni_akt_Zahaji_17-300x200.jpg 300w, https:\/\/skupinabonus.cz\/wp-content\/uploads\/2019\/11\/2019_04_25_Pietni_akt_Zahaji_17-768x512.jpg 768w, https:\/\/skupinabonus.cz\/wp-content\/uploads\/2019\/11\/2019_04_25_Pietni_akt_Zahaji_17-624x416.jpg 624w, https:\/\/skupinabonus.cz\/wp-content\/uploads\/2019\/11\/2019_04_25_Pietni_akt_Zahaji_17.jpg 1500w\" sizes=\"auto, (max-width: 1024px) 100vw, 1024px\" \/><\/figure>\n\n\n\n<figure class=\"wp-block-image\"><img loading=\"lazy\" decoding=\"async\" width=\"1024\" height=\"683\" data-id=\"147\" src=\"https:\/\/skupinabonus.cz\/wp-content\/uploads\/2019\/11\/2019_04_25_Pietni_akt_Zahaji_22-1024x683.jpg\" alt=\"\" class=\"wp-image-147\" srcset=\"https:\/\/skupinabonus.cz\/wp-content\/uploads\/2019\/11\/2019_04_25_Pietni_akt_Zahaji_22-1024x683.jpg 1024w, https:\/\/skupinabonus.cz\/wp-content\/uploads\/2019\/11\/2019_04_25_Pietni_akt_Zahaji_22-300x200.jpg 300w, https:\/\/skupinabonus.cz\/wp-content\/uploads\/2019\/11\/2019_04_25_Pietni_akt_Zahaji_22-768x512.jpg 768w, https:\/\/skupinabonus.cz\/wp-content\/uploads\/2019\/11\/2019_04_25_Pietni_akt_Zahaji_22-624x416.jpg 624w, https:\/\/skupinabonus.cz\/wp-content\/uploads\/2019\/11\/2019_04_25_Pietni_akt_Zahaji_22.jpg 1500w\" sizes=\"auto, (max-width: 1024px) 100vw, 1024px\" \/><\/figure>\n\n\n\n<figure class=\"wp-block-image\"><img loading=\"lazy\" decoding=\"async\" width=\"1024\" height=\"683\" data-id=\"148\" src=\"https:\/\/skupinabonus.cz\/wp-content\/uploads\/2019\/11\/2019_04_25_Pietni_akt_Zahaji_47-1024x683.jpg\" alt=\"\" class=\"wp-image-148\" srcset=\"https:\/\/skupinabonus.cz\/wp-content\/uploads\/2019\/11\/2019_04_25_Pietni_akt_Zahaji_47-1024x683.jpg 1024w, https:\/\/skupinabonus.cz\/wp-content\/uploads\/2019\/11\/2019_04_25_Pietni_akt_Zahaji_47-300x200.jpg 300w, https:\/\/skupinabonus.cz\/wp-content\/uploads\/2019\/11\/2019_04_25_Pietni_akt_Zahaji_47-768x512.jpg 768w, https:\/\/skupinabonus.cz\/wp-content\/uploads\/2019\/11\/2019_04_25_Pietni_akt_Zahaji_47-624x416.jpg 624w, https:\/\/skupinabonus.cz\/wp-content\/uploads\/2019\/11\/2019_04_25_Pietni_akt_Zahaji_47.jpg 1500w\" sizes=\"auto, (max-width: 1024px) 100vw, 1024px\" \/><\/figure>\n\n\n\n<figure class=\"wp-block-image\"><img loading=\"lazy\" decoding=\"async\" width=\"1024\" height=\"768\" data-id=\"149\" src=\"https:\/\/skupinabonus.cz\/wp-content\/uploads\/2019\/11\/67513178_410382556499831_7763209136195502080_n-1024x768.jpg\" alt=\"\" class=\"wp-image-149\" srcset=\"https:\/\/skupinabonus.cz\/wp-content\/uploads\/2019\/11\/67513178_410382556499831_7763209136195502080_n-1024x768.jpg 1024w, https:\/\/skupinabonus.cz\/wp-content\/uploads\/2019\/11\/67513178_410382556499831_7763209136195502080_n-300x225.jpg 300w, https:\/\/skupinabonus.cz\/wp-content\/uploads\/2019\/11\/67513178_410382556499831_7763209136195502080_n-768x576.jpg 768w, https:\/\/skupinabonus.cz\/wp-content\/uploads\/2019\/11\/67513178_410382556499831_7763209136195502080_n-624x468.jpg 624w, https:\/\/skupinabonus.cz\/wp-content\/uploads\/2019\/11\/67513178_410382556499831_7763209136195502080_n.jpg 1600w\" sizes=\"auto, (max-width: 1024px) 100vw, 1024px\" \/><\/figure>\n\n\n\n<figure class=\"wp-block-image\"><img loading=\"lazy\" decoding=\"async\" width=\"950\" height=\"450\" data-id=\"150\" src=\"https:\/\/skupinabonus.cz\/wp-content\/uploads\/2019\/11\/Lib\u010dice-2019.jpg\" alt=\"\" class=\"wp-image-150\" srcset=\"https:\/\/skupinabonus.cz\/wp-content\/uploads\/2019\/11\/Lib\u010dice-2019.jpg 950w, https:\/\/skupinabonus.cz\/wp-content\/uploads\/2019\/11\/Lib\u010dice-2019-300x142.jpg 300w, https:\/\/skupinabonus.cz\/wp-content\/uploads\/2019\/11\/Lib\u010dice-2019-768x364.jpg 768w, https:\/\/skupinabonus.cz\/wp-content\/uploads\/2019\/11\/Lib\u010dice-2019-624x296.jpg 624w\" sizes=\"auto, (max-width: 950px) 100vw, 950px\" \/><\/figure>\n<\/figure>\n\n\n\n<p><strong>Jsme i na<a href=\"https:\/\/www.facebook.com\/pavel.pilar.33\" target=\"_blank\" rel=\"noreferrer noopener\">&nbsp;Facebooku<\/a><\/strong><\/p>\n","protected":false},"excerpt":{"rendered":"<p>V roce\u00a02023\u00a0to bylo\u00a0\u00a0JI\u017d\u00a0 85\u00a0 \u00a0LET,\u00a0 \u00a0co byla zalo\u017eena\u00a0DECHOV\u00c1 HUDBA\u00a0\u00a0\u00a0M\u011aLNI\u010cANKA\u00a0&#8211; K POSLECHU, TANCI I DO PR\u016eVODU.\u00a0 ROK 2018 &#8211; Smutn\u00fd pro M\u011blni\u010danku, proto\u017ee 6.3. 2018 zem\u0159el dlouholet\u00fd kapeln\u00edk, posledn\u00ed z rodu \u0160\u0165astn\u00fdch &#8211; Franti\u0161ek \u0160\u0164ASTN\u00dd Na jeho po\u010dest jsem vymyslel a uskute\u010dnil akci \u0160\u0164ASTN\u00c1 K\u0158\u00cdDLOVKA V sou\u010dasn\u00e9 dob\u011b jako&nbsp; KLASICK\u00c1 DES\u00cdTKA SE SV\u00ddMI S\u00d3LISTY Orchestr byl [&hellip;]<\/p>\n","protected":false},"author":1,"featured_media":0,"parent":0,"menu_order":0,"comment_status":"closed","ping_status":"closed","template":"","meta":{"footnotes":""},"class_list":["post-140","page","type-page","status-publish","hentry"],"yoast_head":"<!-- This site is optimized with the Yoast SEO plugin v24.9 - https:\/\/yoast.com\/wordpress\/plugins\/seo\/ -->\n<title>M\u011blni\u010danka, https:\/\/skupinabonus.cz\/o-nas\/?page_id=140, - HUDEBN\u00cd SKUPINA BONUS<\/title>\n<meta name=\"description\" content=\"dechov\u00e1 hudba M\u011blni\u010danka , dechovka, M\u011blni\u010danka Pila\u0159\" \/>\n<meta name=\"robots\" content=\"index, follow, max-snippet:-1, max-image-preview:large, max-video-preview:-1\" \/>\n<link rel=\"canonical\" href=\"https:\/\/skupinabonus.cz\/o-nas\/melnicanka\/\" \/>\n<meta property=\"og:locale\" content=\"cs_CZ\" \/>\n<meta property=\"og:type\" content=\"article\" \/>\n<meta property=\"og:title\" content=\"M\u011blni\u010danka, https:\/\/skupinabonus.cz\/o-nas\/?page_id=140, - HUDEBN\u00cd SKUPINA BONUS\" \/>\n<meta property=\"og:description\" content=\"dechov\u00e1 hudba M\u011blni\u010danka , dechovka, M\u011blni\u010danka Pila\u0159\" \/>\n<meta property=\"og:url\" content=\"https:\/\/skupinabonus.cz\/o-nas\/melnicanka\/\" \/>\n<meta property=\"og:site_name\" content=\"HUDEBN\u00cd SKUPINA BONUS\" \/>\n<meta property=\"article:publisher\" content=\"https:\/\/www.facebook.com\/pavel.pilar.33\/\" \/>\n<meta property=\"article:modified_time\" content=\"2025-10-17T08:06:16+00:00\" \/>\n<meta property=\"og:image\" content=\"https:\/\/skupinabonus.cz\/wp-content\/uploads\/2025\/10\/stastna-kridlovka-85-let-DH-15.10.23.jpg\" \/>\n\t<meta property=\"og:image:width\" content=\"495\" \/>\n\t<meta property=\"og:image:height\" content=\"698\" \/>\n\t<meta property=\"og:image:type\" content=\"image\/jpeg\" \/>\n<meta name=\"twitter:card\" content=\"summary_large_image\" \/>\n<meta name=\"twitter:label1\" content=\"Odhadovan\u00e1 doba \u010dten\u00ed\" \/>\n\t<meta name=\"twitter:data1\" content=\"6 minut\" \/>\n<script type=\"application\/ld+json\" class=\"yoast-schema-graph\">{\"@context\":\"https:\/\/schema.org\",\"@graph\":[{\"@type\":\"WebPage\",\"@id\":\"https:\/\/skupinabonus.cz\/o-nas\/melnicanka\/\",\"url\":\"https:\/\/skupinabonus.cz\/o-nas\/melnicanka\/\",\"name\":\"M\u011blni\u010danka, https:\/\/skupinabonus.cz\/o-nas\/?page_id=140, - HUDEBN\u00cd SKUPINA BONUS\",\"isPartOf\":{\"@id\":\"https:\/\/skupinabonus.cz\/o-nas\/#website\"},\"primaryImageOfPage\":{\"@id\":\"https:\/\/skupinabonus.cz\/o-nas\/melnicanka\/#primaryimage\"},\"image\":{\"@id\":\"https:\/\/skupinabonus.cz\/o-nas\/melnicanka\/#primaryimage\"},\"thumbnailUrl\":\"http:\/\/skupinabonus.cz\/wp-content\/uploads\/2025\/10\/stastna-kridlovka-85-let-DH-15.10.23.jpg\",\"datePublished\":\"2019-11-03T14:29:55+00:00\",\"dateModified\":\"2025-10-17T08:06:16+00:00\",\"description\":\"dechov\u00e1 hudba M\u011blni\u010danka , dechovka, M\u011blni\u010danka Pila\u0159\",\"breadcrumb\":{\"@id\":\"https:\/\/skupinabonus.cz\/o-nas\/melnicanka\/#breadcrumb\"},\"inLanguage\":\"cs\",\"potentialAction\":[{\"@type\":\"ReadAction\",\"target\":[\"https:\/\/skupinabonus.cz\/o-nas\/melnicanka\/\"]}]},{\"@type\":\"ImageObject\",\"inLanguage\":\"cs\",\"@id\":\"https:\/\/skupinabonus.cz\/o-nas\/melnicanka\/#primaryimage\",\"url\":\"http:\/\/skupinabonus.cz\/wp-content\/uploads\/2025\/10\/stastna-kridlovka-85-let-DH-15.10.23.jpg\",\"contentUrl\":\"http:\/\/skupinabonus.cz\/wp-content\/uploads\/2025\/10\/stastna-kridlovka-85-let-DH-15.10.23.jpg\"},{\"@type\":\"BreadcrumbList\",\"@id\":\"https:\/\/skupinabonus.cz\/o-nas\/melnicanka\/#breadcrumb\",\"itemListElement\":[{\"@type\":\"ListItem\",\"position\":1,\"name\":\"Dom\u016f\",\"item\":\"https:\/\/skupinabonus.cz\/o-nas\/\"},{\"@type\":\"ListItem\",\"position\":2,\"name\":\"M\u011aLNI\u010cANKA\"}]},{\"@type\":\"WebSite\",\"@id\":\"https:\/\/skupinabonus.cz\/o-nas\/#website\",\"url\":\"https:\/\/skupinabonus.cz\/o-nas\/\",\"name\":\"HUDEBN\u00cd SKUPINA BONUS\",\"description\":\"V\u00cdTEJTE NA STR\u00c1NK\u00c1CH HUDEBN\u00cd SKUPINY BONUS , KTER\u00c1 V\u00c1M DOK\u00c1\u017dE ZP\u0158\u00cdJEMNIT  N\u00c1LADU NA VA\u0160ICH AKC\u00cdCH jako jsou PLESY, Z\u00c1BAVY,  CE SOUKROM\u00c9HO CHARAKTERU....a dal\u0161\u00ed jin\u00e9 akSVATBY,  RODINN\u00c9 OSLAVY, AKce, kter\u00e9 je pot\u0159eba podbarvit p\u0159\u00edjemnou muzikou.\",\"publisher\":{\"@id\":\"https:\/\/skupinabonus.cz\/o-nas\/#organization\"},\"alternateName\":\"SKUPINA BONUS\",\"potentialAction\":[{\"@type\":\"SearchAction\",\"target\":{\"@type\":\"EntryPoint\",\"urlTemplate\":\"https:\/\/skupinabonus.cz\/o-nas\/?s={search_term_string}\"},\"query-input\":{\"@type\":\"PropertyValueSpecification\",\"valueRequired\":true,\"valueName\":\"search_term_string\"}}],\"inLanguage\":\"cs\"},{\"@type\":\"Organization\",\"@id\":\"https:\/\/skupinabonus.cz\/o-nas\/#organization\",\"name\":\"Pavel Pila\u0159\",\"url\":\"https:\/\/skupinabonus.cz\/o-nas\/\",\"logo\":{\"@type\":\"ImageObject\",\"inLanguage\":\"cs\",\"@id\":\"https:\/\/skupinabonus.cz\/o-nas\/#\/schema\/logo\/image\/\",\"url\":\"http:\/\/skupinabonus.cz\/wp-content\/uploads\/2019\/10\/B.jpg\",\"contentUrl\":\"http:\/\/skupinabonus.cz\/wp-content\/uploads\/2019\/10\/B.jpg\",\"width\":93,\"height\":141,\"caption\":\"Pavel Pila\u0159\"},\"image\":{\"@id\":\"https:\/\/skupinabonus.cz\/o-nas\/#\/schema\/logo\/image\/\"},\"sameAs\":[\"https:\/\/www.facebook.com\/pavel.pilar.33\/\"]}]}<\/script>\n<!-- \/ Yoast SEO plugin. -->","yoast_head_json":{"title":"M\u011blni\u010danka, https:\/\/skupinabonus.cz\/o-nas\/?page_id=140, - HUDEBN\u00cd SKUPINA BONUS","description":"dechov\u00e1 hudba M\u011blni\u010danka , dechovka, M\u011blni\u010danka Pila\u0159","robots":{"index":"index","follow":"follow","max-snippet":"max-snippet:-1","max-image-preview":"max-image-preview:large","max-video-preview":"max-video-preview:-1"},"canonical":"https:\/\/skupinabonus.cz\/o-nas\/melnicanka\/","og_locale":"cs_CZ","og_type":"article","og_title":"M\u011blni\u010danka, https:\/\/skupinabonus.cz\/o-nas\/?page_id=140, - HUDEBN\u00cd SKUPINA BONUS","og_description":"dechov\u00e1 hudba M\u011blni\u010danka , dechovka, M\u011blni\u010danka Pila\u0159","og_url":"https:\/\/skupinabonus.cz\/o-nas\/melnicanka\/","og_site_name":"HUDEBN\u00cd SKUPINA BONUS","article_publisher":"https:\/\/www.facebook.com\/pavel.pilar.33\/","article_modified_time":"2025-10-17T08:06:16+00:00","og_image":[{"width":495,"height":698,"url":"https:\/\/skupinabonus.cz\/wp-content\/uploads\/2025\/10\/stastna-kridlovka-85-let-DH-15.10.23.jpg","type":"image\/jpeg"}],"twitter_card":"summary_large_image","twitter_misc":{"Odhadovan\u00e1 doba \u010dten\u00ed":"6 minut"},"schema":{"@context":"https:\/\/schema.org","@graph":[{"@type":"WebPage","@id":"https:\/\/skupinabonus.cz\/o-nas\/melnicanka\/","url":"https:\/\/skupinabonus.cz\/o-nas\/melnicanka\/","name":"M\u011blni\u010danka, https:\/\/skupinabonus.cz\/o-nas\/?page_id=140, - HUDEBN\u00cd SKUPINA BONUS","isPartOf":{"@id":"https:\/\/skupinabonus.cz\/o-nas\/#website"},"primaryImageOfPage":{"@id":"https:\/\/skupinabonus.cz\/o-nas\/melnicanka\/#primaryimage"},"image":{"@id":"https:\/\/skupinabonus.cz\/o-nas\/melnicanka\/#primaryimage"},"thumbnailUrl":"http:\/\/skupinabonus.cz\/wp-content\/uploads\/2025\/10\/stastna-kridlovka-85-let-DH-15.10.23.jpg","datePublished":"2019-11-03T14:29:55+00:00","dateModified":"2025-10-17T08:06:16+00:00","description":"dechov\u00e1 hudba M\u011blni\u010danka , dechovka, M\u011blni\u010danka Pila\u0159","breadcrumb":{"@id":"https:\/\/skupinabonus.cz\/o-nas\/melnicanka\/#breadcrumb"},"inLanguage":"cs","potentialAction":[{"@type":"ReadAction","target":["https:\/\/skupinabonus.cz\/o-nas\/melnicanka\/"]}]},{"@type":"ImageObject","inLanguage":"cs","@id":"https:\/\/skupinabonus.cz\/o-nas\/melnicanka\/#primaryimage","url":"http:\/\/skupinabonus.cz\/wp-content\/uploads\/2025\/10\/stastna-kridlovka-85-let-DH-15.10.23.jpg","contentUrl":"http:\/\/skupinabonus.cz\/wp-content\/uploads\/2025\/10\/stastna-kridlovka-85-let-DH-15.10.23.jpg"},{"@type":"BreadcrumbList","@id":"https:\/\/skupinabonus.cz\/o-nas\/melnicanka\/#breadcrumb","itemListElement":[{"@type":"ListItem","position":1,"name":"Dom\u016f","item":"https:\/\/skupinabonus.cz\/o-nas\/"},{"@type":"ListItem","position":2,"name":"M\u011aLNI\u010cANKA"}]},{"@type":"WebSite","@id":"https:\/\/skupinabonus.cz\/o-nas\/#website","url":"https:\/\/skupinabonus.cz\/o-nas\/","name":"HUDEBN\u00cd SKUPINA BONUS","description":"V\u00cdTEJTE NA STR\u00c1NK\u00c1CH HUDEBN\u00cd SKUPINY BONUS , KTER\u00c1 V\u00c1M DOK\u00c1\u017dE ZP\u0158\u00cdJEMNIT  N\u00c1LADU NA VA\u0160ICH AKC\u00cdCH jako jsou PLESY, Z\u00c1BAVY,  CE SOUKROM\u00c9HO CHARAKTERU....a dal\u0161\u00ed jin\u00e9 akSVATBY,  RODINN\u00c9 OSLAVY, AKce, kter\u00e9 je pot\u0159eba podbarvit p\u0159\u00edjemnou muzikou.","publisher":{"@id":"https:\/\/skupinabonus.cz\/o-nas\/#organization"},"alternateName":"SKUPINA BONUS","potentialAction":[{"@type":"SearchAction","target":{"@type":"EntryPoint","urlTemplate":"https:\/\/skupinabonus.cz\/o-nas\/?s={search_term_string}"},"query-input":{"@type":"PropertyValueSpecification","valueRequired":true,"valueName":"search_term_string"}}],"inLanguage":"cs"},{"@type":"Organization","@id":"https:\/\/skupinabonus.cz\/o-nas\/#organization","name":"Pavel Pila\u0159","url":"https:\/\/skupinabonus.cz\/o-nas\/","logo":{"@type":"ImageObject","inLanguage":"cs","@id":"https:\/\/skupinabonus.cz\/o-nas\/#\/schema\/logo\/image\/","url":"http:\/\/skupinabonus.cz\/wp-content\/uploads\/2019\/10\/B.jpg","contentUrl":"http:\/\/skupinabonus.cz\/wp-content\/uploads\/2019\/10\/B.jpg","width":93,"height":141,"caption":"Pavel Pila\u0159"},"image":{"@id":"https:\/\/skupinabonus.cz\/o-nas\/#\/schema\/logo\/image\/"},"sameAs":["https:\/\/www.facebook.com\/pavel.pilar.33\/"]}]}},"_links":{"self":[{"href":"https:\/\/skupinabonus.cz\/o-nas\/wp-json\/wp\/v2\/pages\/140","targetHints":{"allow":["GET"]}}],"collection":[{"href":"https:\/\/skupinabonus.cz\/o-nas\/wp-json\/wp\/v2\/pages"}],"about":[{"href":"https:\/\/skupinabonus.cz\/o-nas\/wp-json\/wp\/v2\/types\/page"}],"author":[{"embeddable":true,"href":"https:\/\/skupinabonus.cz\/o-nas\/wp-json\/wp\/v2\/users\/1"}],"replies":[{"embeddable":true,"href":"https:\/\/skupinabonus.cz\/o-nas\/wp-json\/wp\/v2\/comments?post=140"}],"version-history":[{"count":3,"href":"https:\/\/skupinabonus.cz\/o-nas\/wp-json\/wp\/v2\/pages\/140\/revisions"}],"predecessor-version":[{"id":2249,"href":"https:\/\/skupinabonus.cz\/o-nas\/wp-json\/wp\/v2\/pages\/140\/revisions\/2249"}],"wp:attachment":[{"href":"https:\/\/skupinabonus.cz\/o-nas\/wp-json\/wp\/v2\/media?parent=140"}],"curies":[{"name":"wp","href":"https:\/\/api.w.org\/{rel}","templated":true}]}}