{"id":153,"date":"2019-11-03T15:57:10","date_gmt":"2019-11-03T14:57:10","guid":{"rendered":"http:\/\/skupinabonus.cz\/?page_id=153"},"modified":"2025-10-17T07:43:34","modified_gmt":"2025-10-17T06:43:34","slug":"pro-poradatele","status":"publish","type":"page","link":"https:\/\/skupinabonus.cz\/o-nas\/pro-poradatele\/","title":{"rendered":"PRO PO\u0158ADATELE"},"content":{"rendered":"\n<h2 class=\"wp-block-heading\"><em><strong>Ohla\u0161ovac\u00ed povinnost na OSA<\/strong><\/em><\/h2>\n\n\n\n<h4 class=\"wp-block-heading\"><em><strong><em><strong>Po\u0159adatel ve\u0159ejn\u00e9 hudebn\u00ed produkce je povinen vy\u017e\u00e1dat si svolen\u00ed k u\u017eit\u00ed hudebn\u00edch d\u011bl na Ochrann\u00e9m svazu autorsk\u00e9m (d\u00e1le OSA). Kapela poskytuje za t\u00edmto \u00fa\u010delem po\u0159adateli seznam interpretovan\u00fdch skladeb na sv\u00fdch internetov\u00fdch str\u00e1nk\u00e1ch.<\/strong><\/em><\/strong><\/em><em><strong><em><strong>&nbsp;&nbsp;&nbsp;&nbsp; OSA je podle autorsk\u00e9ho z\u00e1kona \u010d. 121\/2000 Sb., prov\u00e1d\u011bc\u00edch p\u0159edpis\u016f, mezin\u00e1rodn\u00edch dohod a smluv o zastupov\u00e1n\u00ed, pov\u011b\u0159en ud\u00edlet souhlas k u\u017eit\u00ed ve\u0161ker\u00e9ho chr\u00e1n\u011bn\u00e9ho reperto\u00e1ru dom\u00e1c\u00edch a zahrani\u010dn\u00edch autor\u016f. Po\u0159adatel hudebn\u00ed produkce je povinen opat\u0159it si p\u0159edem souhlas a za u\u017eit\u00ed zaplatit autorsk\u00fd provozovac\u00ed honor\u00e1\u0159.<\/strong><\/em><em><strong>&nbsp;&nbsp;&nbsp;&nbsp; Poplatky spole\u010dnosti OSA za&nbsp;na\u0161e ve\u0159ejn\u00e9 vystoupen\u00ed&nbsp;hrad\u00ed po\u0159adatel akc\u00ed a nikoliv skupina.&nbsp; Po\u0159adatel hudebn\u00ed produkce m\u00e1 povinnost nejm\u00e9n\u011b 10 dn\u016f p\u0159ed akc\u00ed toto ve\u0159ejn\u00e9 vystoupen\u00ed ohl\u00e1sit na Ochrann\u00fd svaz autorsk\u00fd. Na\u0161e skupina je povinna dodat seznam skladeb, kter\u00e9 na akci zazn\u00ed. Na vy\u017e\u00e1d\u00e1n\u00ed V\u00e1m za\u0161lu vypln\u011bn\u00fd&nbsp; &#8222;Reperto\u00e1rov\u00fd list&#8220;.&nbsp;&nbsp;&nbsp;Neve\u0159ejn\u00e1 vystoupen\u00ed&nbsp;&nbsp;&nbsp;(uzav\u0159en\u00e1&nbsp; spole\u010dnost bez v\u00fdb\u011bru vstupn\u00e9ho &#8211;&nbsp;svatby, soukrom\u00e9 oslavy)&nbsp; jsou od t\u011bchto poplatk\u016f osvobozeny.<\/strong><\/em><\/strong><\/em><\/h4>\n\n\n\n<h2 class=\"wp-block-heading\">FORMUL\u00c1\u0158 PRO OSA JE PRO KA\u017dDOU HUDEBN\u00cd FORMACI JIN\u00dd A JE K DISPOZICI NA VY\u017d\u00c1D\u00c1N\u00cd U M\u011a \ud83d\ude42 <\/h2>\n\n\n\n<h2 class=\"wp-block-heading\"><strong><em>SMLOUVA<\/em><\/strong> :  Pokud nen\u00ed uzav\u0159ena \u00fastn\u011b <\/h2>\n\n\n\n<figure class=\"wp-block-image\"><img loading=\"lazy\" decoding=\"async\" width=\"691\" height=\"983\" src=\"https:\/\/skupinabonus.cz\/wp-content\/uploads\/2019\/11\/Bonus-smlouva-2019.jpg\" alt=\"\" class=\"wp-image-154\" srcset=\"https:\/\/skupinabonus.cz\/wp-content\/uploads\/2019\/11\/Bonus-smlouva-2019.jpg 691w, https:\/\/skupinabonus.cz\/wp-content\/uploads\/2019\/11\/Bonus-smlouva-2019-211x300.jpg 211w, https:\/\/skupinabonus.cz\/wp-content\/uploads\/2019\/11\/Bonus-smlouva-2019-624x888.jpg 624w\" sizes=\"auto, (max-width: 691px) 100vw, 691px\" \/><\/figure>\n\n\n\n<h2 class=\"wp-block-heading\"><strong>P\u00e1r drobnost\u00ed pro po\u0159adatele :<\/strong><\/h2>\n\n\n\n<h3 class=\"wp-block-heading\"><strong>JARN\u00cd PR\u00c1ZDNINY<\/strong><\/h3>\n\n\n\n<p><strong>M\u011bln\u00edk&nbsp;&nbsp;<\/strong><\/p>\n\n\n\n<figure class=\"wp-block-table is-style-stripes\"><table><tbody><tr><td><\/td><td><\/td><td><strong><mark style=\"background-color:rgba(0, 0, 0, 0)\" class=\"has-inline-color has-dark-gray-color\">25.2.-3.3.2025<\/mark><\/strong><\/td><td><strong><mark style=\"background-color:rgba(0, 0, 0, 0)\" class=\"has-inline-color has-dark-gray-color\">2.3.-8.3.2026<\/mark><\/strong><\/td><\/tr><\/tbody><\/table><\/figure>\n\n\n\n<h2 class=\"wp-block-heading\">VELIKONOCE<\/h2>\n\n\n\n<h3 class=\"wp-block-heading\">Velikonoce p\u0159ipadaj\u00ed na ned\u011bli n\u00e1sleduj\u00edc\u00ed po prvn\u00edm jarn\u00edm \u00fapl\u0148ku, p\u0159i\u010dem\u017e kdy\u017e prvn\u00ed jarn\u00ed \u00fapln\u011bk bude v ned\u011bli, slav\u00ed se Velikonoce a\u017e dal\u0161\u00ed ned\u011bli. Dle t\u011bchto pravidel m\u016f\u017ee Velikono\u010dn\u00ed pond\u011bl\u00ed p\u0159ipadnout na den v rozmez\u00ed od 23. b\u0159ezna do 26. dubna.<\/h3>\n\n\n\n<h3 class=\"wp-block-heading\">Term\u00edny Velikonoc <\/h3>\n\n\n\n<p><strong><a href=\"https:\/\/kalendar.beda.cz\/velikonoce-2025?\">  2025     Velikono\u010dn\u00ed pond\u011bl\u00ed      21 Duben 2025 <\/a><\/strong><\/p>\n\n\n\n<p>V roce <strong>2026<\/strong> n\u00e1s \u010dek\u00e1 Velikono\u010dn\u00ed pond\u011bl\u00ed\u00a0<strong>6.<\/strong>\u00a0<strong>dubna<\/strong><\/p>\n\n\n\n<p>V roce <strong>2027<\/strong> n\u00e1s \u010dek\u00e1 Velikono\u010dn\u00ed pond\u011bl\u00ed\u00a0<strong>29.<\/strong>\u00a0<strong>b\u0159ezna<\/strong><\/p>\n\n\n\n<p>V roce <strong>2028 <\/strong>n\u00e1s \u010dek\u00e1 Velikono\u010dn\u00ed pond\u011bl\u00ed\u00a0<strong>17.<\/strong>\u00a0<strong>dubna<\/strong><\/p>\n\n\n\n<p><br><\/p>\n\n\n\n<h2 class=\"wp-block-heading\">Masopust neboli fa\u0161anky<\/h2>\n\n\n\n<p><strong>Zvyky v pr\u016fb\u011bhu kalend\u00e1\u0159n\u00edho roku se nesou v rozd\u00edln\u00e9m duchu. Masopust neboli fa\u0161ank je rozvern\u00fd a nev\u00e1zan\u00fd, provon\u011bn\u00fd koblihami, slaninou a p\u00e1lenkou, nutnou pro zah\u0159\u00e1t\u00ed p\u0159i celodenn\u00edm obch\u016fzce v mraziv\u00e9m vzduchu. Je to \u010das zab\u00edja\u010dek a lidov\u00e9ho vesel\u00ed.<\/strong><\/p>\n\n\n\n<p><strong>Masopust za\u010d\u00edn\u00e1 6.ledna sv\u00e1tkem T\u0159\u00ed kr\u00e1l\u016f a vrchol\u00ed o masopustn\u00edm pond\u011bl\u00ed a \u00fater\u00fd \u010dty\u0159icet dn\u00ed p\u0159ed sv\u00e1tky velikono\u010dn\u00edmi. Tehdy chod\u00ed obcemi nebo m\u011bsty fa\u0161ankov\u00fd pr\u016fvod masek, kter\u00fd kon\u010d\u00ed masopustn\u00ed z\u00e1bavou. Posledn\u00edm dnem tohoto obdob\u00ed je \u0160kared\u00e1 neboli Popele\u010dn\u00ed st\u0159eda, za\u010d\u00e1tek p\u016fstu. Masopustn\u00ed dny tedy trvaj\u00ed a\u017e do doby, kdy kon\u010d\u00ed nadvl\u00e1da zimy a jaro je za dve\u0159mi.<\/strong><\/p>\n\n\n\n<p><strong>Po\u010d\u00e1tky masopustu a masopustn\u00edch obch\u016fzek je t\u0159eba hledat v p\u0159edk\u0159es\u0165ansk\u00e9m kultu zimn\u00edho slunovratu. P\u016fvodn\u011b \u0161lo o pohansk\u00e9 sv\u00e1tky &#8211; antick\u00e9 slavnosti, tzv.saturn\u00e1lie, co\u017e je jeden z nejv\u00fdznamn\u011bj\u0161\u00edch a nejradostn\u011bj\u0161\u00edch sv\u00e1tk\u016f \u0159\u00edmsk\u00e9ho n\u00e1bo\u017eenstv\u00ed slaven\u00fd na zimn\u00ed slunovrat k poct\u011b Saturnov\u011b. Karneval tedy souvis\u00ed patrn\u011b s p\u0159edk\u0159es\u0165ansk\u00fdmi oslavami obnovy p\u0159\u00edrody na za\u010d\u00e1tku jara.<\/strong><\/p>\n\n\n\n<h3 class=\"wp-block-heading\">Jak se po\u010d\u00edt\u00e1 datum Velikonoc, \u0160kared\u00e9 st\u0159edy a Masopustu?<\/h3>\n\n\n\n<p><strong>V kalend\u00e1\u0159i se vyhled\u00e1, kdy je m\u011bs\u00edc v \u00fapl\u0148ku poprv\u00e9 po prvn\u00edm jarn\u00edm dnu (21. b\u0159ezen). Velikonoce potom ten rok za\u010d\u00ednaj\u00ed v p\u00e1tek po takto vypo\u010dten\u00e9m prvn\u00edm jarn\u00edm \u00fapl\u0148ku. Datum Popele\u010dn\u00ed st\u0159edy se vypo\u010dte takto: od pond\u011blka toho t\u00fddne, ve kter\u00e9m jsou Velikonoce ode\u010dteme 40 dn\u00ed a m\u00e1me datum Popele\u010dn\u00ed st\u0159edy. Masopust potom trv\u00e1 ode dne po sv\u00e1tku T\u0159\u00ed kr\u00e1l\u016f &#8211; tj. 6.ledna &#8211; a\u017e do \u00fater\u00fd, kter\u00e9 p\u0159edch\u00e1z\u00ed Popele\u010dn\u00ed st\u0159ed\u011b.<\/strong><\/p>\n\n\n\n<p><strong>N\u00e1zev Popele\u010dn\u00ed st\u0159eda je od tzv. &#8222;ud\u00edlen\u00ed popelce&#8220;. Popelec je popel ze star\u00fdch ratolest\u00ed jehn\u011bd, posv\u011bcen\u00fd na Kv\u011btnou ned\u011bli p\u0159ede\u0161l\u00e9ho roku.<\/strong><\/p>\n\n\n\n<figure class=\"wp-block-image is-resized\"><img loading=\"lazy\" decoding=\"async\" width=\"558\" height=\"159\" src=\"https:\/\/skupinabonus.cz\/wp-content\/uploads\/2019\/11\/bonus-t\u0159pytiv\u00fd-5.gif\" alt=\"\" class=\"wp-image-207\" style=\"width:631px;height:180px\"\/><\/figure>\n","protected":false},"excerpt":{"rendered":"<p>Ohla\u0161ovac\u00ed povinnost na OSA Po\u0159adatel ve\u0159ejn\u00e9 hudebn\u00ed produkce je povinen vy\u017e\u00e1dat si svolen\u00ed k u\u017eit\u00ed hudebn\u00edch d\u011bl na Ochrann\u00e9m svazu autorsk\u00e9m (d\u00e1le OSA). Kapela poskytuje za t\u00edmto \u00fa\u010delem po\u0159adateli seznam interpretovan\u00fdch skladeb na sv\u00fdch internetov\u00fdch str\u00e1nk\u00e1ch.&nbsp;&nbsp;&nbsp;&nbsp; OSA je podle autorsk\u00e9ho z\u00e1kona \u010d. 121\/2000 Sb., prov\u00e1d\u011bc\u00edch p\u0159edpis\u016f, mezin\u00e1rodn\u00edch dohod a smluv o zastupov\u00e1n\u00ed, pov\u011b\u0159en ud\u00edlet souhlas [&hellip;]<\/p>\n","protected":false},"author":1,"featured_media":0,"parent":0,"menu_order":0,"comment_status":"closed","ping_status":"closed","template":"","meta":{"footnotes":""},"class_list":["post-153","page","type-page","status-publish","hentry"],"yoast_head":"<!-- This site is optimized with the Yoast SEO plugin v24.9 - https:\/\/yoast.com\/wordpress\/plugins\/seo\/ -->\n<title>M\u011blni\u010danka, https:\/\/skupinabonus.cz\/o-nas\/?page_id=140, - HUDEBN\u00cd SKUPINA BONUS<\/title>\n<meta name=\"description\" content=\"dechov\u00e1 hudba M\u011blni\u010danka , dechovka, M\u011blni\u010danka Pila\u0159\" \/>\n<meta name=\"robots\" content=\"index, follow, max-snippet:-1, max-image-preview:large, max-video-preview:-1\" \/>\n<link rel=\"canonical\" href=\"https:\/\/skupinabonus.cz\/o-nas\/pro-poradatele\/\" \/>\n<meta property=\"og:locale\" content=\"cs_CZ\" \/>\n<meta property=\"og:type\" content=\"article\" \/>\n<meta property=\"og:title\" content=\"M\u011blni\u010danka, https:\/\/skupinabonus.cz\/o-nas\/?page_id=140, - HUDEBN\u00cd SKUPINA BONUS\" \/>\n<meta property=\"og:description\" content=\"dechov\u00e1 hudba M\u011blni\u010danka , dechovka, M\u011blni\u010danka Pila\u0159\" \/>\n<meta property=\"og:url\" content=\"https:\/\/skupinabonus.cz\/o-nas\/pro-poradatele\/\" \/>\n<meta property=\"og:site_name\" content=\"HUDEBN\u00cd SKUPINA BONUS\" \/>\n<meta property=\"article:publisher\" content=\"https:\/\/www.facebook.com\/pavel.pilar.33\/\" \/>\n<meta property=\"article:modified_time\" content=\"2025-10-17T06:43:34+00:00\" \/>\n<meta property=\"og:image\" content=\"https:\/\/skupinabonus.cz\/wp-content\/uploads\/2019\/11\/Bonus-smlouva-2019.jpg\" \/>\n\t<meta property=\"og:image:width\" content=\"691\" \/>\n\t<meta property=\"og:image:height\" content=\"983\" \/>\n\t<meta property=\"og:image:type\" content=\"image\/jpeg\" \/>\n<meta name=\"twitter:card\" content=\"summary_large_image\" \/>\n<meta name=\"twitter:label1\" content=\"Odhadovan\u00e1 doba \u010dten\u00ed\" \/>\n\t<meta name=\"twitter:data1\" content=\"4 minuty\" \/>\n<script type=\"application\/ld+json\" class=\"yoast-schema-graph\">{\"@context\":\"https:\/\/schema.org\",\"@graph\":[{\"@type\":\"WebPage\",\"@id\":\"https:\/\/skupinabonus.cz\/o-nas\/pro-poradatele\/\",\"url\":\"https:\/\/skupinabonus.cz\/o-nas\/pro-poradatele\/\",\"name\":\"M\u011blni\u010danka, https:\/\/skupinabonus.cz\/o-nas\/?page_id=140, - HUDEBN\u00cd SKUPINA BONUS\",\"isPartOf\":{\"@id\":\"https:\/\/skupinabonus.cz\/o-nas\/#website\"},\"primaryImageOfPage\":{\"@id\":\"https:\/\/skupinabonus.cz\/o-nas\/pro-poradatele\/#primaryimage\"},\"image\":{\"@id\":\"https:\/\/skupinabonus.cz\/o-nas\/pro-poradatele\/#primaryimage\"},\"thumbnailUrl\":\"https:\/\/skupinabonus.cz\/wp-content\/uploads\/2019\/11\/Bonus-smlouva-2019.jpg\",\"datePublished\":\"2019-11-03T14:57:10+00:00\",\"dateModified\":\"2025-10-17T06:43:34+00:00\",\"description\":\"dechov\u00e1 hudba M\u011blni\u010danka , dechovka, M\u011blni\u010danka Pila\u0159\",\"breadcrumb\":{\"@id\":\"https:\/\/skupinabonus.cz\/o-nas\/pro-poradatele\/#breadcrumb\"},\"inLanguage\":\"cs\",\"potentialAction\":[{\"@type\":\"ReadAction\",\"target\":[\"https:\/\/skupinabonus.cz\/o-nas\/pro-poradatele\/\"]}]},{\"@type\":\"ImageObject\",\"inLanguage\":\"cs\",\"@id\":\"https:\/\/skupinabonus.cz\/o-nas\/pro-poradatele\/#primaryimage\",\"url\":\"https:\/\/skupinabonus.cz\/wp-content\/uploads\/2019\/11\/Bonus-smlouva-2019.jpg\",\"contentUrl\":\"https:\/\/skupinabonus.cz\/wp-content\/uploads\/2019\/11\/Bonus-smlouva-2019.jpg\"},{\"@type\":\"BreadcrumbList\",\"@id\":\"https:\/\/skupinabonus.cz\/o-nas\/pro-poradatele\/#breadcrumb\",\"itemListElement\":[{\"@type\":\"ListItem\",\"position\":1,\"name\":\"Dom\u016f\",\"item\":\"https:\/\/skupinabonus.cz\/o-nas\/\"},{\"@type\":\"ListItem\",\"position\":2,\"name\":\"PRO PO\u0158ADATELE\"}]},{\"@type\":\"WebSite\",\"@id\":\"https:\/\/skupinabonus.cz\/o-nas\/#website\",\"url\":\"https:\/\/skupinabonus.cz\/o-nas\/\",\"name\":\"HUDEBN\u00cd SKUPINA BONUS\",\"description\":\"V\u00cdTEJTE NA STR\u00c1NK\u00c1CH HUDEBN\u00cd SKUPINY BONUS , KTER\u00c1 V\u00c1M DOK\u00c1\u017dE ZP\u0158\u00cdJEMNIT  N\u00c1LADU NA VA\u0160ICH AKC\u00cdCH jako jsou PLESY, Z\u00c1BAVY,  CE SOUKROM\u00c9HO CHARAKTERU....a dal\u0161\u00ed jin\u00e9 akSVATBY,  RODINN\u00c9 OSLAVY, AKce, kter\u00e9 je pot\u0159eba podbarvit p\u0159\u00edjemnou muzikou.\",\"publisher\":{\"@id\":\"https:\/\/skupinabonus.cz\/o-nas\/#organization\"},\"alternateName\":\"SKUPINA BONUS\",\"potentialAction\":[{\"@type\":\"SearchAction\",\"target\":{\"@type\":\"EntryPoint\",\"urlTemplate\":\"https:\/\/skupinabonus.cz\/o-nas\/?s={search_term_string}\"},\"query-input\":{\"@type\":\"PropertyValueSpecification\",\"valueRequired\":true,\"valueName\":\"search_term_string\"}}],\"inLanguage\":\"cs\"},{\"@type\":\"Organization\",\"@id\":\"https:\/\/skupinabonus.cz\/o-nas\/#organization\",\"name\":\"Pavel Pila\u0159\",\"url\":\"https:\/\/skupinabonus.cz\/o-nas\/\",\"logo\":{\"@type\":\"ImageObject\",\"inLanguage\":\"cs\",\"@id\":\"https:\/\/skupinabonus.cz\/o-nas\/#\/schema\/logo\/image\/\",\"url\":\"http:\/\/skupinabonus.cz\/wp-content\/uploads\/2019\/10\/B.jpg\",\"contentUrl\":\"http:\/\/skupinabonus.cz\/wp-content\/uploads\/2019\/10\/B.jpg\",\"width\":93,\"height\":141,\"caption\":\"Pavel Pila\u0159\"},\"image\":{\"@id\":\"https:\/\/skupinabonus.cz\/o-nas\/#\/schema\/logo\/image\/\"},\"sameAs\":[\"https:\/\/www.facebook.com\/pavel.pilar.33\/\"]}]}<\/script>\n<!-- \/ Yoast SEO plugin. -->","yoast_head_json":{"title":"M\u011blni\u010danka, https:\/\/skupinabonus.cz\/o-nas\/?page_id=140, - HUDEBN\u00cd SKUPINA BONUS","description":"dechov\u00e1 hudba M\u011blni\u010danka , dechovka, M\u011blni\u010danka Pila\u0159","robots":{"index":"index","follow":"follow","max-snippet":"max-snippet:-1","max-image-preview":"max-image-preview:large","max-video-preview":"max-video-preview:-1"},"canonical":"https:\/\/skupinabonus.cz\/o-nas\/pro-poradatele\/","og_locale":"cs_CZ","og_type":"article","og_title":"M\u011blni\u010danka, https:\/\/skupinabonus.cz\/o-nas\/?page_id=140, - HUDEBN\u00cd SKUPINA BONUS","og_description":"dechov\u00e1 hudba M\u011blni\u010danka , dechovka, M\u011blni\u010danka Pila\u0159","og_url":"https:\/\/skupinabonus.cz\/o-nas\/pro-poradatele\/","og_site_name":"HUDEBN\u00cd SKUPINA BONUS","article_publisher":"https:\/\/www.facebook.com\/pavel.pilar.33\/","article_modified_time":"2025-10-17T06:43:34+00:00","og_image":[{"width":691,"height":983,"url":"https:\/\/skupinabonus.cz\/wp-content\/uploads\/2019\/11\/Bonus-smlouva-2019.jpg","type":"image\/jpeg"}],"twitter_card":"summary_large_image","twitter_misc":{"Odhadovan\u00e1 doba \u010dten\u00ed":"4 minuty"},"schema":{"@context":"https:\/\/schema.org","@graph":[{"@type":"WebPage","@id":"https:\/\/skupinabonus.cz\/o-nas\/pro-poradatele\/","url":"https:\/\/skupinabonus.cz\/o-nas\/pro-poradatele\/","name":"M\u011blni\u010danka, https:\/\/skupinabonus.cz\/o-nas\/?page_id=140, - HUDEBN\u00cd SKUPINA BONUS","isPartOf":{"@id":"https:\/\/skupinabonus.cz\/o-nas\/#website"},"primaryImageOfPage":{"@id":"https:\/\/skupinabonus.cz\/o-nas\/pro-poradatele\/#primaryimage"},"image":{"@id":"https:\/\/skupinabonus.cz\/o-nas\/pro-poradatele\/#primaryimage"},"thumbnailUrl":"https:\/\/skupinabonus.cz\/wp-content\/uploads\/2019\/11\/Bonus-smlouva-2019.jpg","datePublished":"2019-11-03T14:57:10+00:00","dateModified":"2025-10-17T06:43:34+00:00","description":"dechov\u00e1 hudba M\u011blni\u010danka , dechovka, M\u011blni\u010danka Pila\u0159","breadcrumb":{"@id":"https:\/\/skupinabonus.cz\/o-nas\/pro-poradatele\/#breadcrumb"},"inLanguage":"cs","potentialAction":[{"@type":"ReadAction","target":["https:\/\/skupinabonus.cz\/o-nas\/pro-poradatele\/"]}]},{"@type":"ImageObject","inLanguage":"cs","@id":"https:\/\/skupinabonus.cz\/o-nas\/pro-poradatele\/#primaryimage","url":"https:\/\/skupinabonus.cz\/wp-content\/uploads\/2019\/11\/Bonus-smlouva-2019.jpg","contentUrl":"https:\/\/skupinabonus.cz\/wp-content\/uploads\/2019\/11\/Bonus-smlouva-2019.jpg"},{"@type":"BreadcrumbList","@id":"https:\/\/skupinabonus.cz\/o-nas\/pro-poradatele\/#breadcrumb","itemListElement":[{"@type":"ListItem","position":1,"name":"Dom\u016f","item":"https:\/\/skupinabonus.cz\/o-nas\/"},{"@type":"ListItem","position":2,"name":"PRO PO\u0158ADATELE"}]},{"@type":"WebSite","@id":"https:\/\/skupinabonus.cz\/o-nas\/#website","url":"https:\/\/skupinabonus.cz\/o-nas\/","name":"HUDEBN\u00cd SKUPINA BONUS","description":"V\u00cdTEJTE NA STR\u00c1NK\u00c1CH HUDEBN\u00cd SKUPINY BONUS , KTER\u00c1 V\u00c1M DOK\u00c1\u017dE ZP\u0158\u00cdJEMNIT  N\u00c1LADU NA VA\u0160ICH AKC\u00cdCH jako jsou PLESY, Z\u00c1BAVY,  CE SOUKROM\u00c9HO CHARAKTERU....a dal\u0161\u00ed jin\u00e9 akSVATBY,  RODINN\u00c9 OSLAVY, AKce, kter\u00e9 je pot\u0159eba podbarvit p\u0159\u00edjemnou muzikou.","publisher":{"@id":"https:\/\/skupinabonus.cz\/o-nas\/#organization"},"alternateName":"SKUPINA BONUS","potentialAction":[{"@type":"SearchAction","target":{"@type":"EntryPoint","urlTemplate":"https:\/\/skupinabonus.cz\/o-nas\/?s={search_term_string}"},"query-input":{"@type":"PropertyValueSpecification","valueRequired":true,"valueName":"search_term_string"}}],"inLanguage":"cs"},{"@type":"Organization","@id":"https:\/\/skupinabonus.cz\/o-nas\/#organization","name":"Pavel Pila\u0159","url":"https:\/\/skupinabonus.cz\/o-nas\/","logo":{"@type":"ImageObject","inLanguage":"cs","@id":"https:\/\/skupinabonus.cz\/o-nas\/#\/schema\/logo\/image\/","url":"http:\/\/skupinabonus.cz\/wp-content\/uploads\/2019\/10\/B.jpg","contentUrl":"http:\/\/skupinabonus.cz\/wp-content\/uploads\/2019\/10\/B.jpg","width":93,"height":141,"caption":"Pavel Pila\u0159"},"image":{"@id":"https:\/\/skupinabonus.cz\/o-nas\/#\/schema\/logo\/image\/"},"sameAs":["https:\/\/www.facebook.com\/pavel.pilar.33\/"]}]}},"_links":{"self":[{"href":"https:\/\/skupinabonus.cz\/o-nas\/wp-json\/wp\/v2\/pages\/153","targetHints":{"allow":["GET"]}}],"collection":[{"href":"https:\/\/skupinabonus.cz\/o-nas\/wp-json\/wp\/v2\/pages"}],"about":[{"href":"https:\/\/skupinabonus.cz\/o-nas\/wp-json\/wp\/v2\/types\/page"}],"author":[{"embeddable":true,"href":"https:\/\/skupinabonus.cz\/o-nas\/wp-json\/wp\/v2\/users\/1"}],"replies":[{"embeddable":true,"href":"https:\/\/skupinabonus.cz\/o-nas\/wp-json\/wp\/v2\/comments?post=153"}],"version-history":[{"count":6,"href":"https:\/\/skupinabonus.cz\/o-nas\/wp-json\/wp\/v2\/pages\/153\/revisions"}],"predecessor-version":[{"id":2240,"href":"https:\/\/skupinabonus.cz\/o-nas\/wp-json\/wp\/v2\/pages\/153\/revisions\/2240"}],"wp:attachment":[{"href":"https:\/\/skupinabonus.cz\/o-nas\/wp-json\/wp\/v2\/media?parent=153"}],"curies":[{"name":"wp","href":"https:\/\/api.w.org\/{rel}","templated":true}]}}